uppose l = y - 73. Suppose -4*j + y = -j. Calculate the highest common factor of j and 24.
12
Suppose 12*k = 2*k - 550. Let d = 95 + k. What is the greatest common divisor of 120 and d?
40
Let y(g) be the first derivative of -7/2*g**2 + 2/3*g**3 - 7 + 7*g. Let b be y(5). What is the greatest common factor of 11 and b?
11
Let m(z) = -z + 18. Let d be m(9). Suppose -1 = -5*w + d. Let j = -3 + 11. Calculate the highest common factor of j and w.
2
Let b be (-1)/6 - 121/(-6). Let m be (1 + (-2 - -1))/2. Let f = b - m. Calculate the highest common factor of f and 60.
20
Let i(g) be the second derivative of g**5/20 + 5*g**4/12 - 5*g**3/6 - 5*g**2/2 - 7*g. Let j be i(-5). What is the highest common divisor of 30 and j?
10
Let l = -245 + 126. Let t = -42 - l. What is the highest common divisor of t and 11?
11
Let g be -4*(-4 - 1 - 27). Suppose u = -5*t - 0*u + g, -5*t + 132 = -u. What is the highest common factor of t and 286?
26
Let g(s) = 10*s + 1. Let r be g(1). Let h be (8 - -3)*(-10 + 11). Calculate the greatest common divisor of h and r.
11
Suppose 18*n - 168 = 14*n. Calculate the highest common divisor of n and 378.
42
Let t(h) be the first derivative of 5/3*h**3 - 5 + h**2 - 3*h. Let i be t(2). What is the greatest common factor of 7 and i?
7
Suppose b = v - 50, 9*v + b = 8*v + 40. Calculate the greatest common factor of v and 15.
15
Let i(o) = -o**2 + 2*o + 4. Let k be i(-2). Let f be 20 + (k - -24)/(-5). What is the greatest common factor of f and 2?
2
Let l be (-19 - 1)*1/(-2). Let x be 2 + (2 - l/(-1)). What is the greatest common factor of 84 and x?
14
Suppose 986*u - 984*u = 264. What is the greatest common factor of 20 and u?
4
Let i be 1 + 4 + (-2 - -1). Let h = 49 - 29. What is the greatest common factor of h and i?
4
Let z(x) = x**3 - 8*x**2 + 18*x + 8. Suppose 6*l - 38 = -2. Let a be z(l). What is the highest common divisor of 22 and a?
22
Suppose 110 - 5 = 3*i. Suppose -32*x + i*x = 12. Let a be 508/18 - (-6)/(-27). Calculate the highest common divisor of a and x.
4
Let x(y) = -4*y**3 - y**2 - 6*y - 5. Let t be 2/(-3 + 13/5) + 2. Let w be x(t). Calculate the greatest common divisor of w and 16.
16
Let i = -354 - -498. What is the highest common divisor of i and 54?
18
Suppose 0 = 5*v - 2*l - 25, -3*v = -0*v - 2*l - 19. Suppose -v*n - 5 = u - 9, 0 = -3*n - 5*u - 4. What is the highest common divisor of 32 and n?
2
Let q = -19 + 22. Suppose -2*r = q*x + 23 + 19, -63 = 3*r + 5*x. Let a = r - -43. What is the highest common factor of 22 and a?
22
Suppose 4*x = 3*a - 0*x - 1047, a - 5*x = 360. Calculate the highest common factor of 460 and a.
115
Let p(x) = -x**3 + 11*x**2 - 35*x + 60. Let h be p(6). What is the highest common divisor of 130 and h?
10
Let v be 3/(9/6 + 0). Let s be ((-3)/9 - 8/3) + 25. What is the greatest common factor of s and v?
2
Let t be (1224/54)/(2/3). What is the greatest common factor of 38 and t?
2
Suppose 4*s + 21 - 9 = 0, -3*b + 24 = -2*s. Calculate the highest common divisor of 54 and b.
6
Let h be 2 - 0 - (-128)/2. Let v = -39 + h. Let g = 112 + -94. What is the greatest common factor of v and g?
9
Suppose 3*z = -4*o + 463, 0*o = -3*o + 4*z + 341. What is the greatest common factor of o and 345?
115
Let p be 10/(-6) + (-5070)/(-45). What is the greatest common factor of p and 3?
3
Suppose -u + 2 + 1 = -k, 5*k = 2*u - 12. What is the highest common divisor of 29 and u?
1
Let i be 2/12 + ((-885)/(-90) - -2). Let q be 4/(-14) - 172/(-14). Calculate the highest common factor of q and i.
12
Suppose 0 = -5*v - 4*t + 81, -2*v - v - 4*t + 47 = 0. Calculate the greatest common divisor of v and 221.
17
Suppose -f + 2*j + 229 = 0, -236 = -f + 52*j - 57*j. What is the greatest common factor of f and 66?
33
Suppose -10*l + 70 = -120. Suppose 0 = 5*y + 180 - 1680. Let g = -148 + y. What is the highest common factor of g and l?
19
Suppose 0 = 4*l - 23 - 21. Suppose -8*q - 60 = -l*q. Suppose 2*w + 4*r - 46 = -q, 95 = 5*w + 4*r. What is the greatest common divisor of 207 and w?
23
Suppose 0 = -4*r + 4*w + 136, -3*r - 169 = -8*r + 4*w. Suppose 0 = 4*t - 55 - r. What is the highest common divisor of t and 66?
22
Let s be 10/(-2)*(-25 + 16). Calculate the highest common divisor of 225 and s.
45
Let g(o) = -122*o + 8. Let n = 22 + -24. Let j be g(n). Calculate the highest common divisor of 28 and j.
28
Suppose 5*m - 5*y - 473 - 437 = 0, -m - 2*y = -176. Suppose 63*h = 41*h + 440. Calculate the greatest common divisor of h and m.
20
Suppose 4*g = r - 28, -r + 3*r - 2*g - 74 = 0. Suppose 0 = 3*d - 574 + 94. Calculate the highest common factor of r and d.
40
Suppose -3*z = -5*y - 132, -4*z + 46 = -y - 147. Calculate the greatest common divisor of 441 and z.
49
Let l(m) = m + 27. Let v be l(13). Let o = 14 + -6. What is the highest common divisor of o and v?
8
Suppose -5*f + 54 = -3*w, 5*w + 44 - 6 = 4*f. Let i = 63 + f. What is the highest common divisor of 50 and i?
25
Let m = -230 + 241. Let w = -155 - -254. Calculate the highest common factor of w and m.
11
Let r(s) = 18*s + 375. Let g be r(-16). What is the highest common factor of 1044 and g?
87
Let l(m) = 71*m**3 + m**2 + 4*m - 4. Let r be l(2). Suppose 15*o = 7*o + r. Calculate the greatest common divisor of 18 and o.
18
Suppose 0 = z + 5 - 7. Let f be ((3 + -3)/(-1))/z. Let i be (2 + 8)*(f - -3). What is the highest common divisor of 15 and i?
15
Let b be 1/(3 + 10/(-4)). Suppose b*c = -2 + 8. Let j be 33 + (0 - 3)/c. What is the greatest common factor of 16 and j?
16
Let u = 224 - 126. Calculate the highest common factor of 49 and u.
49
Suppose 0 = 3*v + 3*y - 51, -5*y = v - 6 - 3. Let w(j) = j**3 - 7*j**2 + 12*j + 11. Let o be w(8). What is the greatest common factor of v and o?
19
Suppose 0 = 2*r - 19 - 73. Let x(j) = 3*j - 5. Let f be x(10). Let o be -1 - -73 - 5/(f/15). What is the greatest common divisor of o and r?
23
Let v(h) = -h**2 + 5*h + 6. Let g be v(-4). Let y = 6 - g. What is the highest common factor of 288 and y?
36
Let c be (26 - -1)/(1 - 26/32). What is the highest common divisor of 9 and c?
9
Suppose -9*b + 7*b = 2, 0 = -5*p - 2*b + 278. Calculate the greatest common divisor of p and 96.
8
Let n(j) be the first derivative of j**3/3 - 4*j**2 + 10*j + 1. Let g be n(7). Suppose t - 220 = -g*t. Calculate the greatest common divisor of 11 and t.
11
Let c be (-23)/5 - (-6)/10. Let o be 100/8 - 2/c. Let f(j) = 14*j**2 + 2*j - 3. Let a be f(-3). What is the highest common factor of o and a?
13
Suppose 5*x - 24 = 46. Suppose -2*m + 5*m - 213 = -3*f, 4*m - 3*f = 277. Calculate the highest common factor of x and m.
14
Let y be (((-66)/(-9))/1)/(4/18). What is the greatest common factor of y and 264?
33
Let h = -226 + 244. What is the highest common factor of 102 and h?
6
Suppose r + 55 = 6*r. Let h = 506 - 484. Calculate the greatest common divisor of h and r.
11
Let y(n) = 5*n - 6. Let b be y(6). Suppose 5*f = 4*w + 4, 5*f + w = -0*w + b. Let x be -1*7*(f + -5). Calculate the highest common factor of x and 14.
7
Suppose -b + 5*j + 170 = j, 0 = -3*b + 3*j + 555. Suppose -2617 = -95*f + 993. Calculate the greatest common divisor of b and f.
38
Let w be (20/(-2))/((-2)/(-2)). Let f(y) = -y**2 + 15*y + 81. Let v be f(19). Let a be (-98)/(-4) + v/w. Calculate the greatest common divisor of 6 and a.
6
Suppose -356 = 2*a - 3*a. Suppose -2*z = v - 142, -8*z + 3*z - 3*v = -a. Calculate the greatest common factor of z and 105.
35
Suppose 61*b - 183 - 61 = 0. Let u = 20 + 8. Calculate the greatest common divisor of b and u.
4
Let m(h) = h**2 - 6*h - 1. Let j be m(5). Let x be (1/(-1))/((-5)/70). Let k be x*1 + j/(-6). Calculate the highest common divisor of 30 and k.
15
Suppose 2*r + 3*c = 2*c - 365, -5*c = -4*r - 765. Let m = r + 332. What is the greatest common factor of 21 and m?
21
Let x = 16 + -5. Suppose i + x - 119 = 0. What is the highest common divisor of i and 12?
12
Let m = -10 + 14. Let h be 2/((m*-1)/(-468)). Let r = h + -45. What is the greatest common factor of 21 and r?
21
Suppose -6*o = -4*o + 5*f - 102, 4*f = 5*o - 288. What is the highest common divisor of o and 616?
56
Let y be 2/7 - 78/(-21). Suppose y*m - 141 = m. Suppose 0 = -4*b + 3*z + m, b + 2*b + 3*z - 9 = 0. What is the greatest common divisor of b and 40?
8
Let o(b) = -b**3 + 7*b**2 + b + 5